uppose -4*r + 991 + c = 0. Is 6/18*r - (-1)/3 a composite number?
False
Suppose -3*u - 5*k + 330336 + 96838 = 0, 0 = -6*u - k + 854411. Is u a prime number?
True
Let z(c) = 3019*c + 1237. Is z(24) a composite number?
False
Let j(f) = 5298*f**2 + 209*f - 3377. Is j(14) prime?
True
Is 20/(-85) - (-14339475)/255 a prime number?
False
Let y(c) = -c**3 + 9*c**2 - 10*c + 20. Let b be y(8). Suppose b*d - 7 = -19. Is (1801 + -4)*d/(-9)*3 prime?
False
Let x(j) = -j**3 + 35*j**2 - 13*j - 83. Let i be (-60)/(-15) - 4*30/(-4). Is x(i) composite?
False
Let t(c) = 137*c**2 - 325*c + 1151. Is t(-54) a composite number?
True
Let n(t) = -20*t - 69. Let o be n(-5). Suppose o + 16 = 3*v + 4*f, 3*f = -3*v + 51. Is v composite?
True
Let s(x) = -4*x**2 + x + 129975. Let d be s(0). Suppose -537933 - d = -36*b. Is b a composite number?
False
Let s be 8/1 - (1 + (1 - 0)). Suppose s*q - 6888 = 2820. Is q prime?
False
Let s(j) = 449*j + 93446. Is s(0) a composite number?
True
Let t(v) = -v**3 - 6*v**2 + 4*v - 4. Let o be t(-6). Let g = o - -8. Is 1 + 1 + (g - -839) prime?
True
Let a = -199 - -197. Is a/25*-10 + 63482/10 prime?
False
Suppose 2*f + 2*v = 11608, -14 = 2*v - 20. Is (-1 + -1)/(((-2)/f)/2) prime?
False
Let p(u) = u**2 - 12*u + 34. Let s be p(4). Suppose 5*n = 2*f + 6*n - 1813, -f - s*n = -905. Is f a prime number?
True
Is (1032/312 - (-8)/(-26))*(-79354)/(-6) a prime number?
False
Suppose -74 = y + 5*d + 9, y + 91 = 3*d. Let c = y - -91. Suppose 0 = -4*i + c*i + 1219. Is i a composite number?
True
Let z be 795 - ((-12)/4 + 1). Let h = z + -247. Suppose -5*x - 5*r = -540, 6*x = x - 3*r + h. Is x prime?
True
Suppose 266*w - 261*w = -4*d + 3062, -4*d - 3*w = -3066. Suppose 2*a - 1684 = -2*a. Let h = d + a. Is h composite?
True
Let c(s) = -3 - s**3 + 15 - 7*s - 10*s**2 - 4*s. Let q be c(-9). Is (-3*1)/(q/(-55090)) a composite number?
True
Let i = 775 - 751. Suppose 0 = -u + 2*l + 4161, 25*u - 4*l = i*u + 4169. Is u prime?
True
Let c be (-30*10/3)/(-1 - 0). Let r = 88 - c. Is (0 - 1319)*(r + 11) prime?
True
Suppose 276 = -v - 40. Let c = 1559 + v. Is c composite?
True
Let u = 408 - 208. Let g = 1239 - u. Is g a composite number?
False
Suppose 0 = -7*b + 33 + 2. Suppose -8*m + b*m = -492. Suppose 2*t = 4*t - m. Is t a composite number?
True
Suppose -3*n + x = -184146, x = 3*n + 4*x - 184158. Is (2/3)/((-61369)/n - -1) a prime number?
False
Let m(l) = 5*l**3 - l**2 + 45*l - 92. Let u be m(3). Suppose h + 3*x = 296, h - 5*x - 101 = 227. Let p = h - u. Is p prime?
True
Let l(w) = 18*w**2 + 25*w - 16. Let j(v) = 7*v**2 - v + 3. Let y be j(-1). Is l(y) a prime number?
True
Let z be -3 + 0/7 + 5. Suppose z*j = 4554 + 2548. Is j a composite number?
True
Let u(d) = -38*d**3 + 9*d**2 - 3*d - 3. Let z be u(-4). Let t = z + -1052. Suppose 3*v + 351 = t. Is v composite?
True
Suppose 4*q + 18 = t, 5*q - 6 + 24 = -t. Let f be 2/q*(-1 + -5801). Let l = f - 1540. Is l a composite number?
False
Let w = 65 + -65. Is (-6)/39 - ((-59050)/26 + w) a prime number?
False
Suppose 3*q - 6550 = 4*m - 287, -3*q = 4*m - 6223. Is q a prime number?
True
Let r(u) = 82*u + 49. Let i be r(19). Suppose 4*q = -4507 + i. Let v = 818 - q. Is v a composite number?
False
Let q = 106 + -104. Suppose 0 = -v - 4*k + 24, 0 = q*v + 3*k - 2*k - 34. Suppose -v*i = -12*i - 476. Is i a composite number?
True
Let o = 23 - 19. Let g be 2/(-3)*o/(-8)*9. Suppose 0*c + 8 = c + x, -g*c - 11 = -4*x. Is c a prime number?
True
Let b(s) = s**2 - s + 10. Let x be (8 - 1) + 0 - 0. Let r be b(x). Suppose -48 = -2*d - 4*q + 5*q, 0 = 2*d - 2*q - r. Is d prime?
False
Suppose 16*b - 18*b = -3*s - 157957, -5*s = -2*b + 157955. Is 6/(-4) - (-1)/(8/b) composite?
False
Suppose 31*n - 13809314 = 1517923. Is n composite?
True
Let h = 59 - 107. Let q = h - -52. Let b(v) = 15*v + 23. Is b(q) a composite number?
False
Suppose 81362 = 2*v - 4*m, 2*m - 22592 = -v + 18113. Is v a prime number?
True
Let f(x) = 16*x**3 + x**2 - 2*x + 1. Let z be f(1). Let n = z + -5. Is (2*9326/(-8))/(n/(-22)) composite?
False
Let o(y) = 2*y**3 + 25*y**2 + 9*y - 27. Let n be o(-12). Suppose -2*x + 5*x = n. Suppose -3*l + 375 = -4*h, 0 = -4*l - x*h + 531 - 56. Is l composite?
True
Let d = -118764 + 295529. Is d a prime number?
False
Suppose 0 = 127*q - 121*q - 18. Is 27046*(q - -1)/8 composite?
False
Let p = 31 - -2. Let k be -2 + 5 + 160 - -3. Let w = k - p. Is w a composite number?
True
Let x be -4*(-3)/(-21) - (-16981830)/70. Is (-4)/(-6) - x/(-123) prime?
True
Let j(m) = -126*m + 373. Let s(l) = 2*l**2 + 10*l - 25. Let w be s(-5). Is j(w) a composite number?
True
Let u be (-813)/2*(-544)/24 - -4. Suppose 5*g = -4*d + 9230, -4*d - 3*g + 4*g + u = 0. Is d a composite number?
True
Let x(d) = -272*d - 4627. Is x(-37) composite?
False
Suppose -3*d + 3*l + 150 = -318, 4*d = -l + 639. Let g be d/(1*(3 - 2)). Suppose -8*t + 11*t - g = 0. Is t prime?
True
Is (79/158)/((-2)/(-204436)) composite?
False
Suppose 61*l + 105*l + 196*l - 35889766 = 0. Is l prime?
False
Suppose -5*v = c - 7168, -3*v + 14322 = 2*c - 0*c. Suppose 1623 + c = 3*z. Is z composite?
False
Let k(o) = -o**2 - 6*o + 20. Let m be k(-9). Let j be ((-6)/(-2)*1)/(m - -8). Suppose j*b = 2*c + 767, 0 = b + b + 4*c - 490. Is b prime?
False
Let x be -2*(20/(-16) + (-12)/16). Suppose x*v + 468 = 2*v. Let n = 345 + v. Is n composite?
True
Suppose 0 = 27*x - 19*x + 3392. Let w = 723 + x. Is w a prime number?
False
Let d(s) = -142*s + 139. Let a be d(-4). Suppose 3*i - i + 908 = 0. Let h = a + i. Is h prime?
False
Suppose -5*f - 4*r + 15 = 0, 3*f - 9 + 0 = 3*r. Suppose 49193 = 5*z + f*b, 5*z - 4*b = 48449 + 737. Is z prime?
False
Let l = -63 - -65. Let k(f) = -24*f - 1 - 8*f**2 + 11*f**l - 4*f**2 + 5*f. Is k(-10) composite?
False
Let d = 157 + -243. Let a be d*(4/2 - 0). Let r = 573 - a. Is r prime?
False
Suppose 216492 = 5*i - 441673. Is i a composite number?
True
Suppose -2*w + 8 = -t, -5*t - 13 + 0 = -w. Suppose 21*k - w*k - 95346 = 0. Is k a prime number?
True
Let l = -119922 - -272791. Is l a prime number?
False
Let o(g) = g - 3. Let h(k) = 138*k - 175. Let y(c) = -h(c) + 6*o(c). Is y(-8) prime?
True
Let a(i) = 234*i + 47. Let q(l) = 468*l + 93. Let r(o) = -11*a(o) + 6*q(o). Is r(4) composite?
False
Let n be -8*(-4)/(-8) - (-3 + 5). Let i(j) = -19*j**3 - 10*j**2 - 20*j - 77. Is i(n) composite?
True
Suppose s - 7*x = -2*x + 19, -7 = 3*s + x. Let w(r) = -4*r - 468*r**3 + 8 + 0*r - 11. Is w(s) a composite number?
True
Let a(t) = 5*t - 9*t + 12 + 0*t. Let d be a(6). Let m(b) = -136*b + 25. Is m(d) a prime number?
True
Suppose 25*s - 87 = -4*s. Is 12/(-8)*(-818)/s a prime number?
True
Let a = 1557622 - -347365. Is a a prime number?
False
Let o(h) = 19*h**2 + 84*h - 1136. Is o(41) composite?
True
Let j(i) = 495107*i**3 + i**2 + 8*i - 7. Is j(1) a composite number?
False
Is (-51048)/(-6) + (60 - 4)/(-8) prime?
True
Let g(h) = -3*h + 6*h + 9*h**2 + 4*h**2 + 7 - 6*h. Let s be g(-7). Suppose 0*r - 5*r = -s. Is r composite?
True
Let r = 621 + -211. Let s = r + -156. Is s prime?
False
Let p = -76 - -84. Is p/10 - (-131679)/45 a composite number?
False
Let w be 48/(-2)*3/6. Suppose 4*v + 28 - 16 = 0. Is 5*293 - w/v composite?
True
Suppose 5*r - 731623 = -2*z, 5*z - 373954 = -5*r + 357681. Is r prime?
True
Let m = -35 + -19. Let l = -54 - m. Suppose 2*b + 2*o - 7*o - 2381 = 0, l = -5*b - 2*o + 5967. Is b a composite number?
False
Let l(v) = -1117*v - 1327. Is l(-42) a prime number?
True
Suppose 3*i = 15, 5*i - 20 = -5*k + i. Suppose k = 5*g - 2*d - 27485, 7*g + 21988 = 11*g + 5*d. Is g composite?
True
Is 680903 - (-32)/(-176)*99 prime?
False
Let o(q) = 1456075*q - 54. Is o(1) a composite number?
True
Let y(v) = -850*v - 3419. Is y(-70) prime?
True
Suppose 34*p = 31*p - 18. Let j be (744/20)/(p/(-465)). Suppose 697 + j = 4*v. Is v composite?
True
Suppose 0 = 34*h - 24*h - 30. Suppose 4*t - h*g = 7192, -g = 2*t + 2*g - 3614. Is t prime?
True
Suppose -5 = -5*t + i + 8, 0 = 5*t - 4*i - 7. Suppose t*j - 2905 = -184. Is j a prime number?
True
Let k(t) = -t**3 + 6*t**2 + 6*t - 9. Let m be k(6). Let q = m + -17. Is (1043/1)/(q - 9) prime?
False
Let c be ((-446)/(-3))/((-7)/(210/20)). Let z = 2658 + c. Is z a prime number?
False
Let q(n) = 13*n**3 - 4*n + 6. Let h(g) = -g**2 + g + 1. Let l(p) = 6*h(p) - q(p). Let t be l(-6).